{"id":17726,"date":"2022-07-20T19:36:04","date_gmt":"2022-07-20T19:36:04","guid":{"rendered":"https:\/\/crecemasinmuebles.com\/?page_id=17726"},"modified":"2022-07-20T19:41:59","modified_gmt":"2022-07-20T19:41:59","slug":"terreno-en-venta-en-contry","status":"publish","type":"page","link":"https:\/\/crecemasinmuebles.com\/index.php\/terreno-en-venta-en-contry\/","title":{"rendered":"Terreno en venta en contry"},"content":{"rendered":"<p>[vc_row][vc_column][vc_separator][\/vc_column][\/vc_row][vc_row][vc_column width=\u00bb2\/3&#8243;][vc_gallery interval=\u00bb3&#8243; images=\u00bb17609&#8243; img_size=\u00bbfull\u00bb title=\u00bbTERRENO EN VENTA EN CONTRY\u00bb][\/vc_column][vc_column width=\u00bb1\/3&#8243;][vc_row_inner][vc_column_inner][vc_separator][vc_column_text][\/vc_column_text][\/vc_column_inner][\/vc_row_inner][vc_column_text]<\/p>\n<h3><\/h3>\n<h3><\/h3>\n<p>&nbsp;<\/p>\n<h5><strong>DESCRIPCI\u00d3N:<\/strong><\/h5>\n<p>Terreno residencial de 400m2 con excelente ubicaci\u00f3n en colonia Contry, tiene salida directa a Av. Eugenio Garza Sada.<br \/>\nIdeal para construir la casa de tus sue\u00f1os[\/vc_column_text][vc_separator][vc_column_text]<\/p>\n<h5><strong>$6,000,000<\/strong> EN VENTA<\/h5>\n<p>[\/vc_column_text][\/vc_column][\/vc_row][vc_row][vc_column][vc_column_text]<strong>Caracteristicas:<\/strong>[\/vc_column_text][vc_separator][\/vc_column][\/vc_row][vc_row][vc_column width=\u00bb1\/5&#8243;][vc_column_text]<\/p>\n<p style=\"text-align: center;\"><img loading=\"lazy\" decoding=\"async\" class=\"aligncenter wp-image-17620\" src=\"https:\/\/crecemasinmuebles.com\/wp-content\/uploads\/2022\/07\/fisica-150x150.png\" alt=\"\" width=\"50\" height=\"50\" srcset=\"https:\/\/crecemasinmuebles.com\/wp-content\/uploads\/2022\/07\/fisica-150x150.png 150w, https:\/\/crecemasinmuebles.com\/wp-content\/uploads\/2022\/07\/fisica-300x300.png 300w, https:\/\/crecemasinmuebles.com\/wp-content\/uploads\/2022\/07\/fisica.png 512w\" sizes=\"auto, (max-width: 50px) 100vw, 50px\" \/>Terreno: <strong>400m\u00b2<\/strong><\/p>\n<p>[\/vc_column_text][\/vc_column][vc_column width=\u00bb1\/5&#8243;][vc_column_text]<\/p>\n<p style=\"text-align: center;\"><img loading=\"lazy\" decoding=\"async\" class=\"wp-image-17621 aligncenter\" src=\"https:\/\/crecemasinmuebles.com\/wp-content\/uploads\/2022\/07\/bosquejo-300x300.png\" alt=\"\" width=\"50\" height=\"50\" srcset=\"https:\/\/crecemasinmuebles.com\/wp-content\/uploads\/2022\/07\/bosquejo-300x300.png 300w, https:\/\/crecemasinmuebles.com\/wp-content\/uploads\/2022\/07\/bosquejo-150x150.png 150w, https:\/\/crecemasinmuebles.com\/wp-content\/uploads\/2022\/07\/bosquejo.png 512w\" sizes=\"auto, (max-width: 50px) 100vw, 50px\" \/>Construcci\u00f3n: <strong>0<\/strong><\/p>\n<p>[\/vc_column_text][\/vc_column][vc_column width=\u00bb1\/5&#8243;][vc_column_text]<\/p>\n<p style=\"text-align: center;\"><img loading=\"lazy\" decoding=\"async\" class=\"wp-image-17733 aligncenter\" src=\"https:\/\/crecemasinmuebles.com\/wp-content\/uploads\/2022\/07\/medida-300x300.png\" alt=\"\" width=\"50\" height=\"50\" srcset=\"https:\/\/crecemasinmuebles.com\/wp-content\/uploads\/2022\/07\/medida-300x300.png 300w, https:\/\/crecemasinmuebles.com\/wp-content\/uploads\/2022\/07\/medida-150x150.png 150w, https:\/\/crecemasinmuebles.com\/wp-content\/uploads\/2022\/07\/medida.png 512w\" sizes=\"auto, (max-width: 50px) 100vw, 50px\" \/>Largo del terreno: <strong>25m<\/strong><\/p>\n<p>[\/vc_column_text][\/vc_column][vc_column width=\u00bb1\/5&#8243;][vc_column_text]<\/p>\n<p style=\"text-align: center;\"><img loading=\"lazy\" decoding=\"async\" class=\"wp-image-17732 aligncenter\" src=\"https:\/\/crecemasinmuebles.com\/wp-content\/uploads\/2022\/07\/gobernante-300x300.png\" alt=\"\" width=\"50\" height=\"50\" srcset=\"https:\/\/crecemasinmuebles.com\/wp-content\/uploads\/2022\/07\/gobernante-300x300.png 300w, https:\/\/crecemasinmuebles.com\/wp-content\/uploads\/2022\/07\/gobernante-150x150.png 150w, https:\/\/crecemasinmuebles.com\/wp-content\/uploads\/2022\/07\/gobernante.png 512w\" sizes=\"auto, (max-width: 50px) 100vw, 50px\" \/>Frente del terreno: <strong>16m<\/strong><\/p>\n<p>[\/vc_column_text][\/vc_column][vc_column width=\u00bb1\/5&#8243;][vc_column_text]<\/p>\n<p style=\"text-align: center;\"><img loading=\"lazy\" decoding=\"async\" class=\"aligncenter wp-image-17625\" src=\"https:\/\/crecemasinmuebles.com\/wp-content\/uploads\/2022\/07\/bano-publico-300x300.png\" alt=\"\" width=\"50\" height=\"50\" srcset=\"https:\/\/crecemasinmuebles.com\/wp-content\/uploads\/2022\/07\/bano-publico-300x300.png 300w, https:\/\/crecemasinmuebles.com\/wp-content\/uploads\/2022\/07\/bano-publico-150x150.png 150w, https:\/\/crecemasinmuebles.com\/wp-content\/uploads\/2022\/07\/bano-publico.png 512w\" sizes=\"auto, (max-width: 50px) 100vw, 50px\" \/>Medios ba\u00f1os: <strong>0<\/strong><\/p>\n<p>[\/vc_column_text][\/vc_column][\/vc_row][vc_row][vc_column width=\u00bb1\/5&#8243;][vc_column_text]<\/p>\n<p style=\"text-align: center;\"><img loading=\"lazy\" decoding=\"async\" class=\"wp-image-17627 aligncenter\" src=\"https:\/\/crecemasinmuebles.com\/wp-content\/uploads\/2022\/07\/estacionamiento-1-300x300.png\" alt=\"\" width=\"50\" height=\"50\" srcset=\"https:\/\/crecemasinmuebles.com\/wp-content\/uploads\/2022\/07\/estacionamiento-1-300x300.png 300w, https:\/\/crecemasinmuebles.com\/wp-content\/uploads\/2022\/07\/estacionamiento-1-150x150.png 150w, https:\/\/crecemasinmuebles.com\/wp-content\/uploads\/2022\/07\/estacionamiento-1.png 512w\" sizes=\"auto, (max-width: 50px) 100vw, 50px\" \/>Estacionamientos: <strong>0<\/strong><\/p>\n<p>[\/vc_column_text][\/vc_column][vc_column width=\u00bb1\/5&#8243;][vc_column_text]<\/p>\n<p style=\"text-align: center;\"><img loading=\"lazy\" decoding=\"async\" class=\"wp-image-17628 aligncenter\" src=\"https:\/\/crecemasinmuebles.com\/wp-content\/uploads\/2022\/07\/construccion-1-300x300.png\" alt=\"\" width=\"50\" height=\"50\" srcset=\"https:\/\/crecemasinmuebles.com\/wp-content\/uploads\/2022\/07\/construccion-1-300x300.png 300w, https:\/\/crecemasinmuebles.com\/wp-content\/uploads\/2022\/07\/construccion-1-150x150.png 150w, https:\/\/crecemasinmuebles.com\/wp-content\/uploads\/2022\/07\/construccion-1.png 512w\" sizes=\"auto, (max-width: 50px) 100vw, 50px\" \/>Pisos: <strong>0<\/strong><\/p>\n<p>[\/vc_column_text][\/vc_column][vc_column width=\u00bb1\/5&#8243;][vc_column_text]<\/p>\n<p style=\"text-align: center;\"><img loading=\"lazy\" decoding=\"async\" class=\"wp-image-17630 aligncenter\" src=\"https:\/\/crecemasinmuebles.com\/wp-content\/uploads\/2022\/07\/876805-300x300.png\" alt=\"\" width=\"50\" height=\"50\" srcset=\"https:\/\/crecemasinmuebles.com\/wp-content\/uploads\/2022\/07\/876805-300x300.png 300w, https:\/\/crecemasinmuebles.com\/wp-content\/uploads\/2022\/07\/876805-150x150.png 150w, https:\/\/crecemasinmuebles.com\/wp-content\/uploads\/2022\/07\/876805.png 512w\" sizes=\"auto, (max-width: 50px) 100vw, 50px\" \/>Antig\u00fcedad: <strong>0<\/strong><\/p>\n<p>[\/vc_column_text][\/vc_column][vc_column width=\u00bb1\/5&#8243;][vc_column_text]<\/p>\n<p style=\"text-align: center;\">ID: <strong>EB-KS3585<\/strong><\/p>\n<p>[\/vc_column_text][\/vc_column][vc_column width=\u00bb1\/5&#8243;][vc_column_text]<\/p>\n<p style=\"text-align: center;\">Clave interna: <strong>CRC-112<\/strong><\/p>\n<p>[\/vc_column_text][\/vc_column][\/vc_row][vc_row][vc_column][vc_separator][vc_column_text]Contry, Monterrey[\/vc_column_text][vc_gmaps link=\u00bb#E-8_JTNDaWZyYW1lJTIwc3JjJTNEJTIyaHR0cHMlM0ElMkYlMkZ3d3cuZ29vZ2xlLmNvbSUyRm1hcHMlMkZlbWJlZCUzRnBiJTNEJTIxMW0xOCUyMTFtMTIlMjExbTMlMjExZDUwOTYuMjQ2Mjg5MTU1MTYzJTIxMmQtMTAwLjE0Mzc5MjYyNDg5NjclMjEzZDI1LjQxODUyMDkxMTc4NTQzMiUyMTJtMyUyMTFmMCUyMTJmMCUyMTNmMCUyMTNtMiUyMTFpMTAyNCUyMTJpNzY4JTIxNGYxMy4xJTIxM20zJTIxMW0yJTIxMXMweDg2NjJjZThiNDI3NDhmZTclMjUzQTB4YTg2YzRjOWQzMDQ2NGM3YSUyMTJzQ2FyciUyNTIwTmFjaW9uYWwlMjUyQyUyNTIwTnVldm8lMjUyMExlJTI1QzMlMjVCM24lMjE1ZTAlMjEzbTIlMjExc2VzJTIxMnNteCUyMTR2MTY1ODI2MDgzMzk1MiUyMTVtMiUyMTFzZXMlMjEyc214JTIyJTIwd2lkdGglM0QlMjI2MDAlMjIlMjBoZWlnaHQlM0QlMjI0NTAlMjIlMjBzdHlsZSUzRCUyMmJvcmRlciUzQTAlM0IlMjIlMjBhbGxvd2Z1bGxzY3JlZW4lM0QlMjIlMjIlMjBsb2FkaW5nJTNEJTIybGF6eSUyMiUyMHJlZmVycmVycG9saWN5JTNEJTIybm8tcmVmZXJyZXItd2hlbi1kb3duZ3JhZGUlMjIlM0UlM0MlMkZpZnJhbWUlM0U=\u00bb css_animation=\u00bbbounceInRight\u00bb title=\u00bbUbicaci\u00f3n:\u00bb][\/vc_column][\/vc_row][vc_row full_width=\u00bbstretch_row\u00bb css=\u00bb.vc_custom_1658266814371{background-image: url(https:\/\/crecemasinmuebles.com\/wp-content\/uploads\/2022\/07\/2052.jpg?id=17599) !important;background-position: center !important;background-repeat: no-repeat !important;background-size: cover !important;}\u00bb][vc_column width=\u00bb2\/3&#8243;][vc_custom_heading text=\u00bbSolicita m\u00e1s informaci\u00f3n\u00bb font_container=\u00bbtag:h2|text_align:left|color:%23ffffff\u00bb google_fonts=\u00bbfont_family:Montserrat%3Aregular%2C700|font_style:700%20bold%20regular%3A700%3Anormal\u00bb][\/vc_column][vc_column width=\u00bb1\/3&#8243;][vc_btn title=\u00bbMAS INFORMACI\u00d3N\u00bb style=\u00bb3d\u00bb color=\u00bbwarning\u00bb size=\u00bblg\u00bb align=\u00bbleft\u00bb link=\u00bburl:https%3A%2F%2Fcrecemasinmuebles.com%2Findex.php%2Fcontacto%2F\u00bb css=\u00bb.vc_custom_1658266792798{margin-bottom: 0px !important;border-bottom-width: 0px !important;padding-bottom: 80px !important;}\u00bb][\/vc_column][\/vc_row]<\/p>\n","protected":false},"excerpt":{"rendered":"<p>[vc_row][vc_column][vc_separator][\/vc_column][\/vc_row][vc_row][vc_column width=\u00bb2\/3&#8243;][vc_gallery interval=\u00bb3&#8243; images=\u00bb17609&#8243; img_size=\u00bbfull\u00bb title=\u00bbTERRENO EN VENTA EN CONTRY\u00bb][\/vc_column][vc_column width=\u00bb1\/3&#8243;][vc_row_inner][vc_column_inner][vc_separator][vc_column_text][\/vc_column_text][\/vc_column_inner][\/vc_row_inner][vc_column_text] &nbsp; DESCRIPCI\u00d3N: Terreno residencial de 400m2 con excelente ubicaci\u00f3n en colonia Contry, tiene salida directa a Av. Eugenio Garza Sada. Ideal para construir la casa de tus sue\u00f1os[\/vc_column_text][vc_separator][vc_column_text] $6,000,000 EN VENTA [\/vc_column_text][\/vc_column][\/vc_row][vc_row][vc_column][vc_column_text]Caracteristicas:[\/vc_column_text][vc_separator][\/vc_column][\/vc_row][vc_row][vc_column width=\u00bb1\/5&#8243;][vc_column_text] Terreno: 400m\u00b2 [\/vc_column_text][\/vc_column][vc_column width=\u00bb1\/5&#8243;][vc_column_text] Construcci\u00f3n: 0 [\/vc_column_text][\/vc_column][vc_column width=\u00bb1\/5&#8243;][vc_column_text] Largo del terreno:<\/p>\n","protected":false},"author":1,"featured_media":0,"parent":0,"menu_order":0,"comment_status":"closed","ping_status":"closed","template":"elementor_header_footer","meta":{"_joinchat":[],"footnotes":""},"class_list":["post-17726","page","type-page","status-publish","hentry"],"_links":{"self":[{"href":"https:\/\/crecemasinmuebles.com\/index.php\/wp-json\/wp\/v2\/pages\/17726","targetHints":{"allow":["GET"]}}],"collection":[{"href":"https:\/\/crecemasinmuebles.com\/index.php\/wp-json\/wp\/v2\/pages"}],"about":[{"href":"https:\/\/crecemasinmuebles.com\/index.php\/wp-json\/wp\/v2\/types\/page"}],"author":[{"embeddable":true,"href":"https:\/\/crecemasinmuebles.com\/index.php\/wp-json\/wp\/v2\/users\/1"}],"replies":[{"embeddable":true,"href":"https:\/\/crecemasinmuebles.com\/index.php\/wp-json\/wp\/v2\/comments?post=17726"}],"version-history":[{"count":5,"href":"https:\/\/crecemasinmuebles.com\/index.php\/wp-json\/wp\/v2\/pages\/17726\/revisions"}],"predecessor-version":[{"id":17734,"href":"https:\/\/crecemasinmuebles.com\/index.php\/wp-json\/wp\/v2\/pages\/17726\/revisions\/17734"}],"wp:attachment":[{"href":"https:\/\/crecemasinmuebles.com\/index.php\/wp-json\/wp\/v2\/media?parent=17726"}],"curies":[{"name":"wp","href":"https:\/\/api.w.org\/{rel}","templated":true}]}}

<p>[vc_row][vc_column][vc_separator][/vc_column][/vc_row][vc_row][vc_column width=»2/3&#8243;][vc_gallery interval=»3&#8243; images=»17609&#8243; img_size=»full» title=»TERRENO EN VENTA EN CONTRY»][/vc_column][vc_column width=»1/3&#8243;][vc_row_inner][vc_column_inner][vc_separator][vc_column_text][/vc_column_text][/vc_column_inner][/vc_row_inner][vc_column_text]</p>
<h3></h3>
<h3></h3>
<p>&nbsp;</p>
<h5><strong>DESCRIPCIÓN:</strong></h5>
<p>Terreno residencial de 400m2 con excelente ubicación en colonia Contry, tiene salida directa a Av. Eugenio Garza Sada.<br />
Ideal para construir la casa de tus sueños[/vc_column_text][vc_separator][vc_column_text]</p>
<h5><strong>$6,000,000</strong> EN VENTA</h5>
<p>[/vc_column_text][/vc_column][/vc_row][vc_row][vc_column][vc_column_text]<strong>Caracteristicas:</strong>[/vc_column_text][vc_separator][/vc_column][/vc_row][vc_row][vc_column width=»1/5&#8243;][vc_column_text]</p>
<p style="text-align: center;"><img loading="lazy" decoding="async" class="aligncenter wp-image-17620" src="https://crecemasinmuebles.com/wp-content/uploads/2022/07/fisica-150x150.png" alt="" width="50" height="50" srcset="https://crecemasinmuebles.com/wp-content/uploads/2022/07/fisica-150x150.png 150w, https://crecemasinmuebles.com/wp-content/uploads/2022/07/fisica-300x300.png 300w, https://crecemasinmuebles.com/wp-content/uploads/2022/07/fisica.png 512w" sizes="auto, (max-width: 50px) 100vw, 50px" />Terreno: <strong>400m²</strong></p>
<p>[/vc_column_text][/vc_column][vc_column width=»1/5&#8243;][vc_column_text]</p>
<p style="text-align: center;"><img loading="lazy" decoding="async" class="wp-image-17621 aligncenter" src="https://crecemasinmuebles.com/wp-content/uploads/2022/07/bosquejo-300x300.png" alt="" width="50" height="50" srcset="https://crecemasinmuebles.com/wp-content/uploads/2022/07/bosquejo-300x300.png 300w, https://crecemasinmuebles.com/wp-content/uploads/2022/07/bosquejo-150x150.png 150w, https://crecemasinmuebles.com/wp-content/uploads/2022/07/bosquejo.png 512w" sizes="auto, (max-width: 50px) 100vw, 50px" />Construcción: <strong>0</strong></p>
<p>[/vc_column_text][/vc_column][vc_column width=»1/5&#8243;][vc_column_text]</p>
<p style="text-align: center;"><img loading="lazy" decoding="async" class="wp-image-17733 aligncenter" src="https://crecemasinmuebles.com/wp-content/uploads/2022/07/medida-300x300.png" alt="" width="50" height="50" srcset="https://crecemasinmuebles.com/wp-content/uploads/2022/07/medida-300x300.png 300w, https://crecemasinmuebles.com/wp-content/uploads/2022/07/medida-150x150.png 150w, https://crecemasinmuebles.com/wp-content/uploads/2022/07/medida.png 512w" sizes="auto, (max-width: 50px) 100vw, 50px" />Largo del terreno: <strong>25m</strong></p>
<p>[/vc_column_text][/vc_column][vc_column width=»1/5&#8243;][vc_column_text]</p>
<p style="text-align: center;"><img loading="lazy" decoding="async" class="wp-image-17732 aligncenter" src="https://crecemasinmuebles.com/wp-content/uploads/2022/07/gobernante-300x300.png" alt="" width="50" height="50" srcset="https://crecemasinmuebles.com/wp-content/uploads/2022/07/gobernante-300x300.png 300w, https://crecemasinmuebles.com/wp-content/uploads/2022/07/gobernante-150x150.png 150w, https://crecemasinmuebles.com/wp-content/uploads/2022/07/gobernante.png 512w" sizes="auto, (max-width: 50px) 100vw, 50px" />Frente del terreno: <strong>16m</strong></p>
<p>[/vc_column_text][/vc_column][vc_column width=»1/5&#8243;][vc_column_text]</p>
<p style="text-align: center;"><img loading="lazy" decoding="async" class="aligncenter wp-image-17625" src="https://crecemasinmuebles.com/wp-content/uploads/2022/07/bano-publico-300x300.png" alt="" width="50" height="50" srcset="https://crecemasinmuebles.com/wp-content/uploads/2022/07/bano-publico-300x300.png 300w, https://crecemasinmuebles.com/wp-content/uploads/2022/07/bano-publico-150x150.png 150w, https://crecemasinmuebles.com/wp-content/uploads/2022/07/bano-publico.png 512w" sizes="auto, (max-width: 50px) 100vw, 50px" />Medios baños: <strong>0</strong></p>
<p>[/vc_column_text][/vc_column][/vc_row][vc_row][vc_column width=»1/5&#8243;][vc_column_text]</p>
<p style="text-align: center;"><img loading="lazy" decoding="async" class="wp-image-17627 aligncenter" src="https://crecemasinmuebles.com/wp-content/uploads/2022/07/estacionamiento-1-300x300.png" alt="" width="50" height="50" srcset="https://crecemasinmuebles.com/wp-content/uploads/2022/07/estacionamiento-1-300x300.png 300w, https://crecemasinmuebles.com/wp-content/uploads/2022/07/estacionamiento-1-150x150.png 150w, https://crecemasinmuebles.com/wp-content/uploads/2022/07/estacionamiento-1.png 512w" sizes="auto, (max-width: 50px) 100vw, 50px" />Estacionamientos: <strong>0</strong></p>
<p>[/vc_column_text][/vc_column][vc_column width=»1/5&#8243;][vc_column_text]</p>
<p style="text-align: center;"><img loading="lazy" decoding="async" class="wp-image-17628 aligncenter" src="https://crecemasinmuebles.com/wp-content/uploads/2022/07/construccion-1-300x300.png" alt="" width="50" height="50" srcset="https://crecemasinmuebles.com/wp-content/uploads/2022/07/construccion-1-300x300.png 300w, https://crecemasinmuebles.com/wp-content/uploads/2022/07/construccion-1-150x150.png 150w, https://crecemasinmuebles.com/wp-content/uploads/2022/07/construccion-1.png 512w" sizes="auto, (max-width: 50px) 100vw, 50px" />Pisos: <strong>0</strong></p>
<p>[/vc_column_text][/vc_column][vc_column width=»1/5&#8243;][vc_column_text]</p>
<p style="text-align: center;"><img loading="lazy" decoding="async" class="wp-image-17630 aligncenter" src="https://crecemasinmuebles.com/wp-content/uploads/2022/07/876805-300x300.png" alt="" width="50" height="50" srcset="https://crecemasinmuebles.com/wp-content/uploads/2022/07/876805-300x300.png 300w, https://crecemasinmuebles.com/wp-content/uploads/2022/07/876805-150x150.png 150w, https://crecemasinmuebles.com/wp-content/uploads/2022/07/876805.png 512w" sizes="auto, (max-width: 50px) 100vw, 50px" />Antigüedad: <strong>0</strong></p>
<p>[/vc_column_text][/vc_column][vc_column width=»1/5&#8243;][vc_column_text]</p>
<p style="text-align: center;">ID: <strong>EB-KS3585</strong></p>
<p>[/vc_column_text][/vc_column][vc_column width=»1/5&#8243;][vc_column_text]</p>
<p style="text-align: center;">Clave interna: <strong>CRC-112</strong></p>
<p>[/vc_column_text][/vc_column][/vc_row][vc_row][vc_column][vc_separator][vc_column_text]Contry, Monterrey[/vc_column_text][vc_gmaps link=»#E-8_JTNDaWZyYW1lJTIwc3JjJTNEJTIyaHR0cHMlM0ElMkYlMkZ3d3cuZ29vZ2xlLmNvbSUyRm1hcHMlMkZlbWJlZCUzRnBiJTNEJTIxMW0xOCUyMTFtMTIlMjExbTMlMjExZDUwOTYuMjQ2Mjg5MTU1MTYzJTIxMmQtMTAwLjE0Mzc5MjYyNDg5NjclMjEzZDI1LjQxODUyMDkxMTc4NTQzMiUyMTJtMyUyMTFmMCUyMTJmMCUyMTNmMCUyMTNtMiUyMTFpMTAyNCUyMTJpNzY4JTIxNGYxMy4xJTIxM20zJTIxMW0yJTIxMXMweDg2NjJjZThiNDI3NDhmZTclMjUzQTB4YTg2YzRjOWQzMDQ2NGM3YSUyMTJzQ2FyciUyNTIwTmFjaW9uYWwlMjUyQyUyNTIwTnVldm8lMjUyMExlJTI1QzMlMjVCM24lMjE1ZTAlMjEzbTIlMjExc2VzJTIxMnNteCUyMTR2MTY1ODI2MDgzMzk1MiUyMTVtMiUyMTFzZXMlMjEyc214JTIyJTIwd2lkdGglM0QlMjI2MDAlMjIlMjBoZWlnaHQlM0QlMjI0NTAlMjIlMjBzdHlsZSUzRCUyMmJvcmRlciUzQTAlM0IlMjIlMjBhbGxvd2Z1bGxzY3JlZW4lM0QlMjIlMjIlMjBsb2FkaW5nJTNEJTIybGF6eSUyMiUyMHJlZmVycmVycG9saWN5JTNEJTIybm8tcmVmZXJyZXItd2hlbi1kb3duZ3JhZGUlMjIlM0UlM0MlMkZpZnJhbWUlM0U=» css_animation=»bounceInRight» title=»Ubicación:»][/vc_column][/vc_row][vc_row full_width=»stretch_row» css=».vc_custom_1658266814371{background-image: url(https://crecemasinmuebles.com/wp-content/uploads/2022/07/2052.jpg?id=17599) !important;background-position: center !important;background-repeat: no-repeat !important;background-size: cover !important;}»][vc_column width=»2/3&#8243;][vc_custom_heading text=»Solicita más información» font_container=»tag:h2|text_align:left|color:%23ffffff» google_fonts=»font_family:Montserrat%3Aregular%2C700|font_style:700%20bold%20regular%3A700%3Anormal»][/vc_column][vc_column width=»1/3&#8243;][vc_btn title=»MAS INFORMACIÓN» style=»3d» color=»warning» size=»lg» align=»left» link=»url:https%3A%2F%2Fcrecemasinmuebles.com%2Findex.php%2Fcontacto%2F» css=».vc_custom_1658266792798{margin-bottom: 0px !important;border-bottom-width: 0px !important;padding-bottom: 80px !important;}»][/vc_column][/vc_row]</p>

<p>[vc_row][vc_column][vc_separator][/vc_column][/vc_row][vc_row][vc_column width=»2/3&#8243;][vc_gallery interval=»3&#8243; images=»17609&#8243; img_size=»full» title=»TERRENO EN VENTA EN CONTRY»][/vc_column][vc_column width=»1/3&#8243;][vc_row_inner][vc_column_inner][vc_separator][vc_column_text][/vc_column_text][/vc_column_inner][/vc_row_inner][vc_column_text] &nbsp; DESCRIPCIÓN: Terreno residencial de 400m2 con excelente ubicación en colonia Contry, tiene salida directa a Av. Eugenio Garza Sada. Ideal para construir la casa de tus sueños[/vc_column_text][vc_separator][vc_column_text] $6,000,000 EN VENTA [/vc_column_text][/vc_column][/vc_row][vc_row][vc_column][vc_column_text]Caracteristicas:[/vc_column_text][vc_separator][/vc_column][/vc_row][vc_row][vc_column width=»1/5&#8243;][vc_column_text] Terreno: 400m² [/vc_column_text][/vc_column][vc_column width=»1/5&#8243;][vc_column_text] Construcción: 0 [/vc_column_text][/vc_column][vc_column width=»1/5&#8243;][vc_column_text] Largo del terreno:</p>
