{"id":17886,"date":"2022-09-15T15:47:49","date_gmt":"2022-09-15T15:47:49","guid":{"rendered":"https:\/\/crecemasinmuebles.com\/?page_id=17886"},"modified":"2022-09-15T15:50:57","modified_gmt":"2022-09-15T15:50:57","slug":"nueva-casa-demo","status":"publish","type":"page","link":"https:\/\/crecemasinmuebles.com\/index.php\/nueva-casa-demo\/","title":{"rendered":"Nueva casa demo"},"content":{"rendered":"<p>[vc_row][vc_column][vc_separator][\/vc_column][\/vc_row][vc_row][vc_column width=\u00bb2\/3&#8243;][vc_gallery interval=\u00bb3&#8243; images=\u00bb17888&#8243; img_size=\u00bbfull\u00bb title=\u00bbREMPLAZAR TITULO DE LA CASA\u00bb][\/vc_column][vc_column width=\u00bb1\/3&#8243;][vc_row_inner][vc_column_inner][vc_separator][vc_column_text][\/vc_column_text][\/vc_column_inner][\/vc_row_inner][vc_column_text]<\/p>\n<h3><\/h3>\n<h3><\/h3>\n<p>&nbsp;<\/p>\n<h5><strong>DESCRIPCI\u00d3N:<\/strong><\/h5>\n<p>REMPLAZAR DESCRIPCION<\/p>\n<p>En planta baja se encuentra amplia \u00e1rea social con espacios abiertos, medio ba\u00f1o de visitas, cocina con barra de piedra natural, cuarto de servicio, cochera techada para dos autos, dos bodegas, interior y exterior, jard\u00edn con alberca y asador.<\/p>\n<p>En el segundo nivel se ubican 3 recamaras, cada una con ba\u00f1o \/ vestidor, estancia familiar y lavander\u00eda.<br \/>\n<strong>*No incluye: Cocina, Canceles y Closets<\/strong>[\/vc_column_text][vc_separator][vc_column_text]<\/p>\n<h5><strong>$1000,000<\/strong> EN VENTA<\/h5>\n<p>[\/vc_column_text][\/vc_column][\/vc_row][vc_row][vc_column][vc_column_text]<strong>Caracteristicas:<\/strong>[\/vc_column_text][vc_separator][\/vc_column][\/vc_row][vc_row][vc_column width=\u00bb1\/5&#8243;][vc_column_text]<\/p>\n<p style=\"text-align: center;\"><img loading=\"lazy\" decoding=\"async\" class=\"aligncenter wp-image-17620\" src=\"https:\/\/crecemasinmuebles.com\/wp-content\/uploads\/2022\/07\/fisica-150x150.png\" alt=\"\" width=\"50\" height=\"50\" srcset=\"https:\/\/crecemasinmuebles.com\/wp-content\/uploads\/2022\/07\/fisica-150x150.png 150w, https:\/\/crecemasinmuebles.com\/wp-content\/uploads\/2022\/07\/fisica-300x300.png 300w, https:\/\/crecemasinmuebles.com\/wp-content\/uploads\/2022\/07\/fisica.png 512w\" sizes=\"auto, (max-width: 50px) 100vw, 50px\" \/>Terreno: <strong>3000m\u00b2<\/strong><\/p>\n<p>[\/vc_column_text][\/vc_column][vc_column width=\u00bb1\/5&#8243;][vc_column_text]<\/p>\n<p style=\"text-align: center;\"><img loading=\"lazy\" decoding=\"async\" class=\"wp-image-17621 aligncenter\" src=\"https:\/\/crecemasinmuebles.com\/wp-content\/uploads\/2022\/07\/bosquejo-300x300.png\" alt=\"\" width=\"50\" height=\"50\" srcset=\"https:\/\/crecemasinmuebles.com\/wp-content\/uploads\/2022\/07\/bosquejo-300x300.png 300w, https:\/\/crecemasinmuebles.com\/wp-content\/uploads\/2022\/07\/bosquejo-150x150.png 150w, https:\/\/crecemasinmuebles.com\/wp-content\/uploads\/2022\/07\/bosquejo.png 512w\" sizes=\"auto, (max-width: 50px) 100vw, 50px\" \/>Construcci\u00f3n: <strong>380m\u00b2<\/strong><\/p>\n<p>[\/vc_column_text][\/vc_column][vc_column width=\u00bb1\/5&#8243;][vc_column_text]<\/p>\n<p style=\"text-align: center;\"><img loading=\"lazy\" decoding=\"async\" class=\"wp-image-17622 aligncenter\" src=\"https:\/\/crecemasinmuebles.com\/wp-content\/uploads\/2022\/07\/dormitorio-300x300.png\" alt=\"\" width=\"50\" height=\"50\" srcset=\"https:\/\/crecemasinmuebles.com\/wp-content\/uploads\/2022\/07\/dormitorio-300x300.png 300w, https:\/\/crecemasinmuebles.com\/wp-content\/uploads\/2022\/07\/dormitorio-150x150.png 150w, https:\/\/crecemasinmuebles.com\/wp-content\/uploads\/2022\/07\/dormitorio.png 512w\" sizes=\"auto, (max-width: 50px) 100vw, 50px\" \/>Rec\u00e1maras: <strong>3<\/strong><\/p>\n<p>[\/vc_column_text][\/vc_column][vc_column width=\u00bb1\/5&#8243;][vc_column_text]<\/p>\n<p style=\"text-align: center;\"><img loading=\"lazy\" decoding=\"async\" class=\"wp-image-17625 aligncenter\" src=\"https:\/\/crecemasinmuebles.com\/wp-content\/uploads\/2022\/07\/bano-publico-300x300.png\" alt=\"\" width=\"50\" height=\"50\" srcset=\"https:\/\/crecemasinmuebles.com\/wp-content\/uploads\/2022\/07\/bano-publico-300x300.png 300w, https:\/\/crecemasinmuebles.com\/wp-content\/uploads\/2022\/07\/bano-publico-150x150.png 150w, https:\/\/crecemasinmuebles.com\/wp-content\/uploads\/2022\/07\/bano-publico.png 512w\" sizes=\"auto, (max-width: 50px) 100vw, 50px\" \/>Ba\u00f1os: <strong>4<\/strong><\/p>\n<p>[\/vc_column_text][\/vc_column][vc_column width=\u00bb1\/5&#8243;][vc_column_text]<\/p>\n<p style=\"text-align: center;\"><img loading=\"lazy\" decoding=\"async\" class=\"aligncenter wp-image-17625\" src=\"https:\/\/crecemasinmuebles.com\/wp-content\/uploads\/2022\/07\/bano-publico-300x300.png\" alt=\"\" width=\"50\" height=\"50\" srcset=\"https:\/\/crecemasinmuebles.com\/wp-content\/uploads\/2022\/07\/bano-publico-300x300.png 300w, https:\/\/crecemasinmuebles.com\/wp-content\/uploads\/2022\/07\/bano-publico-150x150.png 150w, https:\/\/crecemasinmuebles.com\/wp-content\/uploads\/2022\/07\/bano-publico.png 512w\" sizes=\"auto, (max-width: 50px) 100vw, 50px\" \/>Medios ba\u00f1os: <strong>1<\/strong><\/p>\n<p>[\/vc_column_text][\/vc_column][\/vc_row][vc_row][vc_column width=\u00bb1\/5&#8243;][vc_column_text]<\/p>\n<p style=\"text-align: center;\"><img loading=\"lazy\" decoding=\"async\" class=\"wp-image-17627 aligncenter\" src=\"https:\/\/crecemasinmuebles.com\/wp-content\/uploads\/2022\/07\/estacionamiento-1-300x300.png\" alt=\"\" width=\"50\" height=\"50\" srcset=\"https:\/\/crecemasinmuebles.com\/wp-content\/uploads\/2022\/07\/estacionamiento-1-300x300.png 300w, https:\/\/crecemasinmuebles.com\/wp-content\/uploads\/2022\/07\/estacionamiento-1-150x150.png 150w, https:\/\/crecemasinmuebles.com\/wp-content\/uploads\/2022\/07\/estacionamiento-1.png 512w\" sizes=\"auto, (max-width: 50px) 100vw, 50px\" \/>Estacionamientos: <b>2<\/b><\/p>\n<p>[\/vc_column_text][\/vc_column][vc_column width=\u00bb1\/5&#8243;][vc_column_text]<\/p>\n<p style=\"text-align: center;\"><img loading=\"lazy\" decoding=\"async\" class=\"wp-image-17628 aligncenter\" src=\"https:\/\/crecemasinmuebles.com\/wp-content\/uploads\/2022\/07\/construccion-1-300x300.png\" alt=\"\" width=\"50\" height=\"50\" srcset=\"https:\/\/crecemasinmuebles.com\/wp-content\/uploads\/2022\/07\/construccion-1-300x300.png 300w, https:\/\/crecemasinmuebles.com\/wp-content\/uploads\/2022\/07\/construccion-1-150x150.png 150w, https:\/\/crecemasinmuebles.com\/wp-content\/uploads\/2022\/07\/construccion-1.png 512w\" sizes=\"auto, (max-width: 50px) 100vw, 50px\" \/>Pisos: <strong>2<\/strong><\/p>\n<p>[\/vc_column_text][\/vc_column][vc_column width=\u00bb1\/5&#8243;][vc_column_text]<\/p>\n<p style=\"text-align: center;\"><img loading=\"lazy\" decoding=\"async\" class=\"wp-image-17630 aligncenter\" src=\"https:\/\/crecemasinmuebles.com\/wp-content\/uploads\/2022\/07\/876805-300x300.png\" alt=\"\" width=\"50\" height=\"50\" srcset=\"https:\/\/crecemasinmuebles.com\/wp-content\/uploads\/2022\/07\/876805-300x300.png 300w, https:\/\/crecemasinmuebles.com\/wp-content\/uploads\/2022\/07\/876805-150x150.png 150w, https:\/\/crecemasinmuebles.com\/wp-content\/uploads\/2022\/07\/876805.png 512w\" sizes=\"auto, (max-width: 50px) 100vw, 50px\" \/>Antig\u00fcedad: <strong>A estrenar<\/strong><\/p>\n<p>[\/vc_column_text][\/vc_column][vc_column width=\u00bb1\/5&#8243;][vc_column_text]<\/p>\n<p style=\"text-align: center;\">ID: <strong>EB-KW6309<\/strong><\/p>\n<p>[\/vc_column_text][\/vc_column][vc_column width=\u00bb1\/5&#8243;][vc_column_text]<\/p>\n<p style=\"text-align: center;\">Clave interna: <strong>CRC-135<\/strong><\/p>\n<p>[\/vc_column_text][\/vc_column][\/vc_row][vc_row][vc_column][vc_separator][vc_column_text]Amorada CAMBIAR UBICACION[\/vc_column_text][vc_gmaps link=\u00bb#E-8_JTNDaWZyYW1lJTIwc3JjJTNEJTIyaHR0cHMlM0ElMkYlMkZ3d3cuZ29vZ2xlLmNvbSUyRm1hcHMlMkZlbWJlZCUzRnBiJTNEJTIxMW0xNCUyMTFtOCUyMTFtMyUyMTFkMTQzODQuMjQ5MjI5NzU3MTIlMjEyZC0xMDAuMzA5OTE5MyUyMTNkMjUuNjY5MjI5MiUyMTNtMiUyMTFpMTAyNCUyMTJpNzY4JTIxNGYxMy4xJTIxM20zJTIxMW0yJTIxMXMweDAlMjUzQTB4ZDU3ZjlkOTQwN2JmNTcyMiUyMTJzTWFjcm9wbGF6YSUyMTVlMCUyMTNtMiUyMTFzZXMlMjEyc214JTIxNHYxNjYzMjU3MDM0NzA5JTIxNW0yJTIxMXNlcyUyMTJzbXglMjIlMjB3aWR0aCUzRCUyMjYwMCUyMiUyMGhlaWdodCUzRCUyMjQ1MCUyMiUyMHN0eWxlJTNEJTIyYm9yZGVyJTNBMCUzQiUyMiUyMGFsbG93ZnVsbHNjcmVlbiUzRCUyMiUyMiUyMGxvYWRpbmclM0QlMjJsYXp5JTIyJTIwcmVmZXJyZXJwb2xpY3klM0QlMjJuby1yZWZlcnJlci13aGVuLWRvd25ncmFkZSUyMiUzRSUzQyUyRmlmcmFtZSUzRQ==\u00bb css_animation=\u00bbbounceInRight\u00bb title=\u00bbUbicaci\u00f3n:\u00bb][\/vc_column][\/vc_row][vc_row full_width=\u00bbstretch_row\u00bb css=\u00bb.vc_custom_1658266814371{background-image: url(https:\/\/crecemasinmuebles.com\/wp-content\/uploads\/2022\/07\/2052.jpg?id=17599) !important;background-position: center !important;background-repeat: no-repeat !important;background-size: cover !important;}\u00bb][vc_column width=\u00bb2\/3&#8243;][vc_custom_heading text=\u00bbSolicita m\u00e1s informaci\u00f3n\u00bb font_container=\u00bbtag:h2|text_align:left|color:%23ffffff\u00bb google_fonts=\u00bbfont_family:Montserrat%3Aregular%2C700|font_style:700%20bold%20regular%3A700%3Anormal\u00bb][\/vc_column][vc_column width=\u00bb1\/3&#8243;][vc_btn title=\u00bbMAS INFORMACI\u00d3N\u00bb style=\u00bb3d\u00bb color=\u00bbwarning\u00bb size=\u00bblg\u00bb align=\u00bbleft\u00bb link=\u00bburl:https%3A%2F%2Fcrecemasinmuebles.com%2Findex.php%2Fcontacto%2F\u00bb css=\u00bb.vc_custom_1658266792798{margin-bottom: 0px !important;border-bottom-width: 0px !important;padding-bottom: 80px !important;}\u00bb][\/vc_column][\/vc_row]<\/p>\n","protected":false},"excerpt":{"rendered":"<p>[vc_row][vc_column][vc_separator][\/vc_column][\/vc_row][vc_row][vc_column width=\u00bb2\/3&#8243;][vc_gallery interval=\u00bb3&#8243; images=\u00bb17888&#8243; img_size=\u00bbfull\u00bb title=\u00bbREMPLAZAR TITULO DE LA CASA\u00bb][\/vc_column][vc_column width=\u00bb1\/3&#8243;][vc_row_inner][vc_column_inner][vc_separator][vc_column_text][\/vc_column_text][\/vc_column_inner][\/vc_row_inner][vc_column_text] &nbsp; DESCRIPCI\u00d3N: REMPLAZAR DESCRIPCION En planta baja se encuentra amplia \u00e1rea social con espacios abiertos, medio ba\u00f1o de visitas, cocina con barra de piedra natural, cuarto de servicio, cochera techada para dos autos, dos bodegas, interior y exterior, jard\u00edn con alberca y asador. En<\/p>\n","protected":false},"author":1,"featured_media":0,"parent":0,"menu_order":0,"comment_status":"closed","ping_status":"closed","template":"elementor_header_footer","meta":{"_joinchat":[],"footnotes":""},"class_list":["post-17886","page","type-page","status-publish","hentry"],"_links":{"self":[{"href":"https:\/\/crecemasinmuebles.com\/index.php\/wp-json\/wp\/v2\/pages\/17886","targetHints":{"allow":["GET"]}}],"collection":[{"href":"https:\/\/crecemasinmuebles.com\/index.php\/wp-json\/wp\/v2\/pages"}],"about":[{"href":"https:\/\/crecemasinmuebles.com\/index.php\/wp-json\/wp\/v2\/types\/page"}],"author":[{"embeddable":true,"href":"https:\/\/crecemasinmuebles.com\/index.php\/wp-json\/wp\/v2\/users\/1"}],"replies":[{"embeddable":true,"href":"https:\/\/crecemasinmuebles.com\/index.php\/wp-json\/wp\/v2\/comments?post=17886"}],"version-history":[{"count":3,"href":"https:\/\/crecemasinmuebles.com\/index.php\/wp-json\/wp\/v2\/pages\/17886\/revisions"}],"predecessor-version":[{"id":17890,"href":"https:\/\/crecemasinmuebles.com\/index.php\/wp-json\/wp\/v2\/pages\/17886\/revisions\/17890"}],"wp:attachment":[{"href":"https:\/\/crecemasinmuebles.com\/index.php\/wp-json\/wp\/v2\/media?parent=17886"}],"curies":[{"name":"wp","href":"https:\/\/api.w.org\/{rel}","templated":true}]}}

<p>[vc_row][vc_column][vc_separator][/vc_column][/vc_row][vc_row][vc_column width=»2/3&#8243;][vc_gallery interval=»3&#8243; images=»17888&#8243; img_size=»full» title=»REMPLAZAR TITULO DE LA CASA»][/vc_column][vc_column width=»1/3&#8243;][vc_row_inner][vc_column_inner][vc_separator][vc_column_text][/vc_column_text][/vc_column_inner][/vc_row_inner][vc_column_text]</p>
<h3></h3>
<h3></h3>
<p>&nbsp;</p>
<h5><strong>DESCRIPCIÓN:</strong></h5>
<p>REMPLAZAR DESCRIPCION</p>
<p>En planta baja se encuentra amplia área social con espacios abiertos, medio baño de visitas, cocina con barra de piedra natural, cuarto de servicio, cochera techada para dos autos, dos bodegas, interior y exterior, jardín con alberca y asador.</p>
<p>En el segundo nivel se ubican 3 recamaras, cada una con baño / vestidor, estancia familiar y lavandería.<br />
<strong>*No incluye: Cocina, Canceles y Closets</strong>[/vc_column_text][vc_separator][vc_column_text]</p>
<h5><strong>$1000,000</strong> EN VENTA</h5>
<p>[/vc_column_text][/vc_column][/vc_row][vc_row][vc_column][vc_column_text]<strong>Caracteristicas:</strong>[/vc_column_text][vc_separator][/vc_column][/vc_row][vc_row][vc_column width=»1/5&#8243;][vc_column_text]</p>
<p style="text-align: center;"><img loading="lazy" decoding="async" class="aligncenter wp-image-17620" src="https://crecemasinmuebles.com/wp-content/uploads/2022/07/fisica-150x150.png" alt="" width="50" height="50" srcset="https://crecemasinmuebles.com/wp-content/uploads/2022/07/fisica-150x150.png 150w, https://crecemasinmuebles.com/wp-content/uploads/2022/07/fisica-300x300.png 300w, https://crecemasinmuebles.com/wp-content/uploads/2022/07/fisica.png 512w" sizes="auto, (max-width: 50px) 100vw, 50px" />Terreno: <strong>3000m²</strong></p>
<p>[/vc_column_text][/vc_column][vc_column width=»1/5&#8243;][vc_column_text]</p>
<p style="text-align: center;"><img loading="lazy" decoding="async" class="wp-image-17621 aligncenter" src="https://crecemasinmuebles.com/wp-content/uploads/2022/07/bosquejo-300x300.png" alt="" width="50" height="50" srcset="https://crecemasinmuebles.com/wp-content/uploads/2022/07/bosquejo-300x300.png 300w, https://crecemasinmuebles.com/wp-content/uploads/2022/07/bosquejo-150x150.png 150w, https://crecemasinmuebles.com/wp-content/uploads/2022/07/bosquejo.png 512w" sizes="auto, (max-width: 50px) 100vw, 50px" />Construcción: <strong>380m²</strong></p>
<p>[/vc_column_text][/vc_column][vc_column width=»1/5&#8243;][vc_column_text]</p>
<p style="text-align: center;"><img loading="lazy" decoding="async" class="wp-image-17622 aligncenter" src="https://crecemasinmuebles.com/wp-content/uploads/2022/07/dormitorio-300x300.png" alt="" width="50" height="50" srcset="https://crecemasinmuebles.com/wp-content/uploads/2022/07/dormitorio-300x300.png 300w, https://crecemasinmuebles.com/wp-content/uploads/2022/07/dormitorio-150x150.png 150w, https://crecemasinmuebles.com/wp-content/uploads/2022/07/dormitorio.png 512w" sizes="auto, (max-width: 50px) 100vw, 50px" />Recámaras: <strong>3</strong></p>
<p>[/vc_column_text][/vc_column][vc_column width=»1/5&#8243;][vc_column_text]</p>
<p style="text-align: center;"><img loading="lazy" decoding="async" class="wp-image-17625 aligncenter" src="https://crecemasinmuebles.com/wp-content/uploads/2022/07/bano-publico-300x300.png" alt="" width="50" height="50" srcset="https://crecemasinmuebles.com/wp-content/uploads/2022/07/bano-publico-300x300.png 300w, https://crecemasinmuebles.com/wp-content/uploads/2022/07/bano-publico-150x150.png 150w, https://crecemasinmuebles.com/wp-content/uploads/2022/07/bano-publico.png 512w" sizes="auto, (max-width: 50px) 100vw, 50px" />Baños: <strong>4</strong></p>
<p>[/vc_column_text][/vc_column][vc_column width=»1/5&#8243;][vc_column_text]</p>
<p style="text-align: center;"><img loading="lazy" decoding="async" class="aligncenter wp-image-17625" src="https://crecemasinmuebles.com/wp-content/uploads/2022/07/bano-publico-300x300.png" alt="" width="50" height="50" srcset="https://crecemasinmuebles.com/wp-content/uploads/2022/07/bano-publico-300x300.png 300w, https://crecemasinmuebles.com/wp-content/uploads/2022/07/bano-publico-150x150.png 150w, https://crecemasinmuebles.com/wp-content/uploads/2022/07/bano-publico.png 512w" sizes="auto, (max-width: 50px) 100vw, 50px" />Medios baños: <strong>1</strong></p>
<p>[/vc_column_text][/vc_column][/vc_row][vc_row][vc_column width=»1/5&#8243;][vc_column_text]</p>
<p style="text-align: center;"><img loading="lazy" decoding="async" class="wp-image-17627 aligncenter" src="https://crecemasinmuebles.com/wp-content/uploads/2022/07/estacionamiento-1-300x300.png" alt="" width="50" height="50" srcset="https://crecemasinmuebles.com/wp-content/uploads/2022/07/estacionamiento-1-300x300.png 300w, https://crecemasinmuebles.com/wp-content/uploads/2022/07/estacionamiento-1-150x150.png 150w, https://crecemasinmuebles.com/wp-content/uploads/2022/07/estacionamiento-1.png 512w" sizes="auto, (max-width: 50px) 100vw, 50px" />Estacionamientos: <b>2</b></p>
<p>[/vc_column_text][/vc_column][vc_column width=»1/5&#8243;][vc_column_text]</p>
<p style="text-align: center;"><img loading="lazy" decoding="async" class="wp-image-17628 aligncenter" src="https://crecemasinmuebles.com/wp-content/uploads/2022/07/construccion-1-300x300.png" alt="" width="50" height="50" srcset="https://crecemasinmuebles.com/wp-content/uploads/2022/07/construccion-1-300x300.png 300w, https://crecemasinmuebles.com/wp-content/uploads/2022/07/construccion-1-150x150.png 150w, https://crecemasinmuebles.com/wp-content/uploads/2022/07/construccion-1.png 512w" sizes="auto, (max-width: 50px) 100vw, 50px" />Pisos: <strong>2</strong></p>
<p>[/vc_column_text][/vc_column][vc_column width=»1/5&#8243;][vc_column_text]</p>
<p style="text-align: center;"><img loading="lazy" decoding="async" class="wp-image-17630 aligncenter" src="https://crecemasinmuebles.com/wp-content/uploads/2022/07/876805-300x300.png" alt="" width="50" height="50" srcset="https://crecemasinmuebles.com/wp-content/uploads/2022/07/876805-300x300.png 300w, https://crecemasinmuebles.com/wp-content/uploads/2022/07/876805-150x150.png 150w, https://crecemasinmuebles.com/wp-content/uploads/2022/07/876805.png 512w" sizes="auto, (max-width: 50px) 100vw, 50px" />Antigüedad: <strong>A estrenar</strong></p>
<p>[/vc_column_text][/vc_column][vc_column width=»1/5&#8243;][vc_column_text]</p>
<p style="text-align: center;">ID: <strong>EB-KW6309</strong></p>
<p>[/vc_column_text][/vc_column][vc_column width=»1/5&#8243;][vc_column_text]</p>
<p style="text-align: center;">Clave interna: <strong>CRC-135</strong></p>
<p>[/vc_column_text][/vc_column][/vc_row][vc_row][vc_column][vc_separator][vc_column_text]Amorada CAMBIAR UBICACION[/vc_column_text][vc_gmaps link=»#E-8_JTNDaWZyYW1lJTIwc3JjJTNEJTIyaHR0cHMlM0ElMkYlMkZ3d3cuZ29vZ2xlLmNvbSUyRm1hcHMlMkZlbWJlZCUzRnBiJTNEJTIxMW0xNCUyMTFtOCUyMTFtMyUyMTFkMTQzODQuMjQ5MjI5NzU3MTIlMjEyZC0xMDAuMzA5OTE5MyUyMTNkMjUuNjY5MjI5MiUyMTNtMiUyMTFpMTAyNCUyMTJpNzY4JTIxNGYxMy4xJTIxM20zJTIxMW0yJTIxMXMweDAlMjUzQTB4ZDU3ZjlkOTQwN2JmNTcyMiUyMTJzTWFjcm9wbGF6YSUyMTVlMCUyMTNtMiUyMTFzZXMlMjEyc214JTIxNHYxNjYzMjU3MDM0NzA5JTIxNW0yJTIxMXNlcyUyMTJzbXglMjIlMjB3aWR0aCUzRCUyMjYwMCUyMiUyMGhlaWdodCUzRCUyMjQ1MCUyMiUyMHN0eWxlJTNEJTIyYm9yZGVyJTNBMCUzQiUyMiUyMGFsbG93ZnVsbHNjcmVlbiUzRCUyMiUyMiUyMGxvYWRpbmclM0QlMjJsYXp5JTIyJTIwcmVmZXJyZXJwb2xpY3klM0QlMjJuby1yZWZlcnJlci13aGVuLWRvd25ncmFkZSUyMiUzRSUzQyUyRmlmcmFtZSUzRQ==» css_animation=»bounceInRight» title=»Ubicación:»][/vc_column][/vc_row][vc_row full_width=»stretch_row» css=».vc_custom_1658266814371{background-image: url(https://crecemasinmuebles.com/wp-content/uploads/2022/07/2052.jpg?id=17599) !important;background-position: center !important;background-repeat: no-repeat !important;background-size: cover !important;}»][vc_column width=»2/3&#8243;][vc_custom_heading text=»Solicita más información» font_container=»tag:h2|text_align:left|color:%23ffffff» google_fonts=»font_family:Montserrat%3Aregular%2C700|font_style:700%20bold%20regular%3A700%3Anormal»][/vc_column][vc_column width=»1/3&#8243;][vc_btn title=»MAS INFORMACIÓN» style=»3d» color=»warning» size=»lg» align=»left» link=»url:https%3A%2F%2Fcrecemasinmuebles.com%2Findex.php%2Fcontacto%2F» css=».vc_custom_1658266792798{margin-bottom: 0px !important;border-bottom-width: 0px !important;padding-bottom: 80px !important;}»][/vc_column][/vc_row]</p>

<p>[vc_row][vc_column][vc_separator][/vc_column][/vc_row][vc_row][vc_column width=»2/3&#8243;][vc_gallery interval=»3&#8243; images=»17888&#8243; img_size=»full» title=»REMPLAZAR TITULO DE LA CASA»][/vc_column][vc_column width=»1/3&#8243;][vc_row_inner][vc_column_inner][vc_separator][vc_column_text][/vc_column_text][/vc_column_inner][/vc_row_inner][vc_column_text] &nbsp; DESCRIPCIÓN: REMPLAZAR DESCRIPCION En planta baja se encuentra amplia área social con espacios abiertos, medio baño de visitas, cocina con barra de piedra natural, cuarto de servicio, cochera techada para dos autos, dos bodegas, interior y exterior, jardín con alberca y asador. En</p>
